 the hundred thousands digit of 204733912?
7
What is the ten thousands digit of 1830539358?
3
What is the ten millions digit of 89605108?
8
What is the hundred millions digit of 1214175760?
2
What is the hundred thousands digit of 250648014?
6
What is the millions digit of 6754215830?
4
What is the hundreds digit of 40110741?
7
What is the ten millions digit of 129047312?
2
What is the hundreds digit of 3270308445?
4
What is the thousands digit of 4685368?
5
What is the units digit of 50509104?
4
What is the units digit of 110659353?
3
What is the hundred thousands digit of 66252741?
2
What is the ten millions digit of 169749051?
6
What is the ten millions digit of 52257721?
5
What is the hundreds digit of 10508524?
5
What is the units digit of 51751212?
2
What is the millions digit of 989133155?
9
What is the hundred millions digit of 345788782?
3
What is the units digit of 57841453?
3
What is the tens digit of 18510112?
1
What is the thousands digit of 46694417?
4
What is the hundreds digit of 1011236712?
7
What is the thousands digit of 3990533881?
3
What is the units digit of 70841198?
8
What is the hundred millions digit of 440871104?
4
What is the units digit of 23558019?
9
What is the hundred thousands digit of 140443276?
4
What is the ten thousands digit of 8519283?
1
What is the millions digit of 707671393?
7
What is the ten thousands digit of 4143763?
4
What is the hundred millions digit of 7124390652?
1
What is the units digit of 5040645488?
8
What is the units digit of 667823501?
1
What is the hundred millions digit of 1348417526?
3
What is the hundred thousands digit of 2581998?
5
What is the hundreds digit of 7345755?
7
What is the millions digit of 1782637405?
2
What is the hundreds digit of 182806720?
7
What is the ten thousands digit of 19531923?
3
What is the millions digit of 242439949?
2
What is the ten thousands digit of 47379467?
7
What is the millions digit of 943640267?
3
What is the hundred thousands digit of 115540982?
5
What is the hundreds digit of 28486119?
1
What is the hundred millions digit of 521301125?
5
What is the hundred millions digit of 464330947?
4
What is the thousands digit of 27314075?
4
What is the ten thousands digit of 81695010?
9
What is the units digit of 125978920?
0
What is the tens digit of 116377788?
8
What is the thousands digit of 5918095887?
5
What is the thousands digit of 22514675?
4
What is the hundred thousands digit of 186940447?
9
What is the hundred thousands digit of 403935374?
9
What is the ten thousands digit of 145993937?
9
What is the millions digit of 89282196?
9
What is the ten millions digit of 49518345?
4
What is the thousands digit of 3317834916?
4
What is the ten thousands digit of 550831295?
3
What is the thousands digit of 118740564?
0
What is the hundred thousands digit of 315176321?
1
What is the thousands digit of 292236730?
6
What is the tens digit of 14475263?
6
What is the hundred thousands digit of 650419118?
4
What is the hundred thousands digit of 87092018?
0
What is the ten millions digit of 495502696?
9
What is the hundreds digit of 6057271028?
0
What is the thousands digit of 11093092?
3
What is the units digit of 36828530?
0
What is the hundreds digit of 102475956?
9
What is the ten millions digit of 913522119?
1
What is the hundred thousands digit of 341067652?
0
What is the hundreds digit of 60742034?
0
What is the thousands digit of 4602624006?
4
What is the hundred millions digit of 1644371683?
6
What is the millions digit of 26000231?
6
What is the tens digit of 704794257?
5
What is the units digit of 58806884?
4
What is the ten millions digit of 364555384?
6
What is the ten millions digit of 5952535575?
5
What is the ten millions digit of 661599722?
6
What is the ten millions digit of 312811203?
1
What is the hundred millions digit of 550793160?
5
What is the hundred thousands digit of 93655209?
6
What is the hundred thousands digit of 254463006?
4
What is the thousands digit of 2155793026?
3
What is the ten thousands digit of 41551985?
5
What is the units digit of 838836251?
1
What is the units digit of 2866354?
4
What is the ten millions digit of 113261212?
1
What is the units digit of 459919876?
6
What is the hundred thousands digit of 379833340?
8
What is the thousands digit of 941330950?
0
What is the tens digit of 5075891514?
1
What is the ten millions digit of 4372058529?
7
What is the hundreds digit of 63661445?
4
What is the hundred thousands digit of 1725798348?
7
What is the ten thousands digit of 306380874?
8
What is the hundred thousands digit of 4040205299?
2
What is the units digit of 919004512?
2
What is the thousands digit of 8672359878?
9
What is the thousands digit of 1497342209?
2
What is the hundreds digit of 17305226?
2
What is the hundreds digit of 3581914778?
7
What is the hundred thousands digit of 183938195?
9
What is the billions digit of 1008326804?
1
What is the millions digit of 58743669?
8
What is the thousands digit of 100980693?
0
What is the millions digit of 36656482?
6
What is the hundred millions digit of 1260245369?
2
What is the millions digit of 5287987832?
7
What is the hundred thousands digit of 73881833?
8
What is the hundred thousands digit of 821620672?
6
What is the hundreds digit of 143690307?
3
What is the units digit of 479838765?
5
What is the thousands digit of 624861093?
1
What is the tens digit of 274786551?
5
What is the hundred thousands digit of 24455868?
4
What is the billions digit of 1140376001?
1
What is the millions digit of 65576745?
5
What is the ten millions digit of 148232911?
4
What is the millions digit of 1442508063?
2
What is the units digit of 251472371?
1
What is the ten thousands digit of 5771316006?
1
What is the tens digit of 74419575?
7
What is the ten thousands digit of 184598558?
9
What is the hundred millions digit of 3837063947?
8
What is the hundred thousands digit of 14943965?
9
What is the thousands digit of 5124150316?
0
What is the ten thousands digit of 64320004?
2
What is the hundred thousands digit of 15431358?
4
What is the millions digit of 9565017224?
5
What is the hundred thousands digit of 695504469?
5
What is the millions digit of 626594314?
6
What is the thousands digit of 9454618?
4
What is the hundred millions digit of 572639286?
5
What is the thousands digit of 2825898900?
8
What is the hundreds digit of 2346367440?
4
What is the tens digit of 2405200222?
2
What is the hundred thousands digit of 1822575259?
5
What is the hundred thousands digit of 2646168567?
1
What is the tens digit of 88746981?
8
What is the thousands digit of 2096676400?
6
What is the hundred thousands digit of 2859812929?
8
What is the ten thousands digit of 142501387?
0
What is the tens digit of 210206989?
8
What is the ten thousands digit of 2000497184?
9
What is the ten thousands digit of 200133363?
3
What is the hundred millions digit of 2757025053?
7
What is the tens digit of 75051480?
8
What is the ten thousands digit of 3388409708?
0
What is the tens digit of 6797807?
0
What is the millions digit of 263079164?
3
What is the units digit of 1365954833?
3
What is the billions digit of 1207526857?
1
What is the hundred millions digit of 1011154354?
0
What is the tens digit of 82360336?
3
What is the thousands digit of 25347227?
7
What is the units digit of 296087130?
0
What is the hundred thousands digit of 119904530?
9
What is the thousands digit of 816979243?
9
What is the ten millions digit of 61119146?
6
What is the hundreds digit of 6519137?
1
What is the hundreds digit of 10459490?
4
What is the thousands digit of 2702716813?
6
What is the millions digit of 176698474?
6
What is the millions digit of 2910113509?
0
What is the hundred millions digit of 397843935?
3
What is the millions digit of 138143254?
8
What is the ten millions digit of 3062650186?
6
What is the thousands digit of 3751478544?
8
What is the millions digit of 873225733?
3
What is the hundred millions digit of 627968452?
6
What is the ten thousands digit of 605252768?
5
What is the thousands digit of 32191847?
1
What is the billions digit of 1165434190?
1
What is the millions digit of 164823908?
4
What is the thousands digit of 356560780?
0
What is the hundred thousands digit of 1003810706?
8
What is the u